{"id":529,"date":"2026-03-26T13:03:57","date_gmt":"2026-03-26T12:03:57","guid":{"rendered":"https:\/\/new.star-gourmet.com\/?post_type=product&#038;p=529"},"modified":"2026-03-26T13:03:58","modified_gmt":"2026-03-26T12:03:58","slug":"burrata-bio-iqf","status":"publish","type":"product","link":"https:\/\/new.star-gourmet.com\/?product=burrata-bio-iqf","title":{"rendered":"BURRATA BIO IQF"},"content":{"rendered":"<p>Descubre la sublime fusi\u00f3n de tradici\u00f3n e innovaci\u00f3n en nuestra burrata BIO IQF de leche de vaca, elaborada con esmero por el Consorzio DalMolise. Esta deliciosa joya l\u00e1ctea, gracias a su proceso de congelaci\u00f3n IQF, conserva de manera \u00f3ptima su cremosidad y frescura.<\/p>\n<p>Perfecta para ensalzar tus platos, su versatilidad culinaria la convierte en la elecci\u00f3n ideal para ensaladas, pizzas y antipastos. Experimenta el aut\u00e9ntico sabor de la regi\u00f3n de Molise en cada bocado, mientras apoyas la producci\u00f3n sostenible y org\u00e1nica que caracteriza a nuestra burrata.<\/p>\n","protected":false},"excerpt":{"rendered":"<p>10 bandejas de 200 g por caja con 2 unidades de 100 g cada una por bandeja.<\/p>\n","protected":false},"featured_media":0,"comment_status":"open","ping_status":"closed","template":"","meta":[],"product_brand":[],"product_cat":[56,51],"product_tag":[],"class_list":{"0":"post-529","1":"product","2":"type-product","3":"status-publish","5":"product_cat-burrata","6":"product_cat-quesos","8":"first","9":"instock","10":"shipping-taxable","11":"product-type-simple"},"_links":{"self":[{"href":"https:\/\/new.star-gourmet.com\/index.php?rest_route=\/wp\/v2\/product\/529","targetHints":{"allow":["GET"]}}],"collection":[{"href":"https:\/\/new.star-gourmet.com\/index.php?rest_route=\/wp\/v2\/product"}],"about":[{"href":"https:\/\/new.star-gourmet.com\/index.php?rest_route=\/wp\/v2\/types\/product"}],"replies":[{"embeddable":true,"href":"https:\/\/new.star-gourmet.com\/index.php?rest_route=%2Fwp%2Fv2%2Fcomments&post=529"}],"wp:attachment":[{"href":"https:\/\/new.star-gourmet.com\/index.php?rest_route=%2Fwp%2Fv2%2Fmedia&parent=529"}],"wp:term":[{"taxonomy":"product_brand","embeddable":true,"href":"https:\/\/new.star-gourmet.com\/index.php?rest_route=%2Fwp%2Fv2%2Fproduct_brand&post=529"},{"taxonomy":"product_cat","embeddable":true,"href":"https:\/\/new.star-gourmet.com\/index.php?rest_route=%2Fwp%2Fv2%2Fproduct_cat&post=529"},{"taxonomy":"product_tag","embeddable":true,"href":"https:\/\/new.star-gourmet.com\/index.php?rest_route=%2Fwp%2Fv2%2Fproduct_tag&post=529"}],"curies":[{"name":"wp","href":"https:\/\/api.w.org\/{rel}","templated":true}]}}