{"id":497,"date":"2026-03-26T13:03:51","date_gmt":"2026-03-26T12:03:51","guid":{"rendered":"https:\/\/new.star-gourmet.com\/?post_type=product&#038;p=497"},"modified":"2026-03-26T13:03:53","modified_gmt":"2026-03-26T12:03:53","slug":"cobertura-de-chocolate-fondente-modella","status":"publish","type":"product","link":"https:\/\/new.star-gourmet.com\/?product=cobertura-de-chocolate-fondente-modella","title":{"rendered":"Cobertura de chocolate FONDENTE MODELLA"},"content":{"rendered":"<p>Cobertura de chocolate negro Fondente Modella. 52 % min. de cacao, 47% m\u00e1x. de az\u00facar y 32% manteca de cacao.\u00a0Chocolate negro de cobertura con un buen equilibrio entre az\u00facar y cacao, con una parte importante de pasta y un poco de manteca de cacao a\u00f1adida. El resultado es una cobertura de chocolate con caracter\u00edsticas arom\u00e1ticas acentuadas y fluidez calibrada. Recomendado para molde , formas huecas y horneado. Se puede usar tambi\u00e9n para recubrimiento y ganache.<\/p>\n<p>Chocolater\u00eda<br \/>\nBuen equilibrio, permite obtener excelentes resultados con cremas y ganaches. Particularmente adecuado para la producci\u00f3n de huevos y formas huecas, incluso en serie.<\/p>\n<p>Pasteler\u00eda<br \/>\nChocolate para ser utilizado en todos los compuestos de panader\u00eda en los que ya existe la presencia de cacao.<\/p>\n","protected":false},"excerpt":{"rendered":"<p>3 bolsas de 4 kg por caja.<\/p>\n","protected":false},"featured_media":0,"comment_status":"open","ping_status":"closed","template":"","meta":[],"product_brand":[],"product_cat":[72,61],"product_tag":[],"class_list":{"0":"post-497","1":"product","2":"type-product","3":"status-publish","5":"product_cat-coberturas-de-chocolate","6":"product_cat-dolce","8":"first","9":"instock","10":"shipping-taxable","11":"product-type-simple"},"_links":{"self":[{"href":"https:\/\/new.star-gourmet.com\/index.php?rest_route=\/wp\/v2\/product\/497","targetHints":{"allow":["GET"]}}],"collection":[{"href":"https:\/\/new.star-gourmet.com\/index.php?rest_route=\/wp\/v2\/product"}],"about":[{"href":"https:\/\/new.star-gourmet.com\/index.php?rest_route=\/wp\/v2\/types\/product"}],"replies":[{"embeddable":true,"href":"https:\/\/new.star-gourmet.com\/index.php?rest_route=%2Fwp%2Fv2%2Fcomments&post=497"}],"wp:attachment":[{"href":"https:\/\/new.star-gourmet.com\/index.php?rest_route=%2Fwp%2Fv2%2Fmedia&parent=497"}],"wp:term":[{"taxonomy":"product_brand","embeddable":true,"href":"https:\/\/new.star-gourmet.com\/index.php?rest_route=%2Fwp%2Fv2%2Fproduct_brand&post=497"},{"taxonomy":"product_cat","embeddable":true,"href":"https:\/\/new.star-gourmet.com\/index.php?rest_route=%2Fwp%2Fv2%2Fproduct_cat&post=497"},{"taxonomy":"product_tag","embeddable":true,"href":"https:\/\/new.star-gourmet.com\/index.php?rest_route=%2Fwp%2Fv2%2Fproduct_tag&post=497"}],"curies":[{"name":"wp","href":"https:\/\/api.w.org\/{rel}","templated":true}]}}