{"id":496,"date":"2026-03-26T13:03:51","date_gmt":"2026-03-26T12:03:51","guid":{"rendered":"https:\/\/new.star-gourmet.com\/?post_type=product&#038;p=496"},"modified":"2026-03-26T13:03:53","modified_gmt":"2026-03-26T12:03:53","slug":"cobertura-de-chocolate-fondente-diamante","status":"publish","type":"product","link":"https:\/\/new.star-gourmet.com\/?product=cobertura-de-chocolate-fondente-diamante","title":{"rendered":"Cobertura de chocolate FONDENTE DIAMANTE"},"content":{"rendered":"<p>Cobertura de chocolate negro Fondente Diamante. 67 % min. de cacao, 32% m\u00e1x, az\u00facar y 42% manteca de cacao.\u00a0Cobertura de chocolate negro muy vers\u00e1til para los mejores usos profesionales. Sabor suave y completo en boca, en un perfecto equilibrio de dulzura y amargura para un excelente sabor a cacao y chocolate. Recomendada para molde, formas huecas y horneado. Se puede usar tambi\u00e9n para recubrimiento y ganache.<\/p>\n<p>Chocolater\u00eda<br \/>\nGracias a su excelente fluidez, brillo, craqueo y facilidad de elaboraci\u00f3n, destaca por ser especialmente adecuado para la elaboraci\u00f3n de bombones glaseados o moldeados, para la elaboraci\u00f3n de barras de degustaci\u00f3n tambi\u00e9n con inclusiones, y es excelente en la preparaci\u00f3n de cremas ganache y rellenos de bombones.<\/p>\n<p>Pasteler\u00eda<br \/>\nRecomendado para glasear pasteles mignon refinados y en la preparaci\u00f3n de cremas y mousses.<\/p>\n<p>Helader\u00eda<br \/>\nEspecial para helados con un intenso y envolvente sabor a cacao y chocolate; tambi\u00e9n es ideal para hacer sabrosos sorbetes y postres helados.<\/p>\n","protected":false},"excerpt":{"rendered":"<p>Saco de 15 kg<\/p>\n","protected":false},"featured_media":0,"comment_status":"open","ping_status":"closed","template":"","meta":[],"product_brand":[],"product_cat":[72,61],"product_tag":[],"class_list":{"0":"post-496","1":"product","2":"type-product","3":"status-publish","5":"product_cat-coberturas-de-chocolate","6":"product_cat-dolce","8":"first","9":"instock","10":"shipping-taxable","11":"product-type-simple"},"_links":{"self":[{"href":"https:\/\/new.star-gourmet.com\/index.php?rest_route=\/wp\/v2\/product\/496","targetHints":{"allow":["GET"]}}],"collection":[{"href":"https:\/\/new.star-gourmet.com\/index.php?rest_route=\/wp\/v2\/product"}],"about":[{"href":"https:\/\/new.star-gourmet.com\/index.php?rest_route=\/wp\/v2\/types\/product"}],"replies":[{"embeddable":true,"href":"https:\/\/new.star-gourmet.com\/index.php?rest_route=%2Fwp%2Fv2%2Fcomments&post=496"}],"wp:attachment":[{"href":"https:\/\/new.star-gourmet.com\/index.php?rest_route=%2Fwp%2Fv2%2Fmedia&parent=496"}],"wp:term":[{"taxonomy":"product_brand","embeddable":true,"href":"https:\/\/new.star-gourmet.com\/index.php?rest_route=%2Fwp%2Fv2%2Fproduct_brand&post=496"},{"taxonomy":"product_cat","embeddable":true,"href":"https:\/\/new.star-gourmet.com\/index.php?rest_route=%2Fwp%2Fv2%2Fproduct_cat&post=496"},{"taxonomy":"product_tag","embeddable":true,"href":"https:\/\/new.star-gourmet.com\/index.php?rest_route=%2Fwp%2Fv2%2Fproduct_tag&post=496"}],"curies":[{"name":"wp","href":"https:\/\/api.w.org\/{rel}","templated":true}]}}