{"id":495,"date":"2026-03-26T13:03:47","date_gmt":"2026-03-26T12:03:47","guid":{"rendered":"https:\/\/new.star-gourmet.com\/?post_type=product&#038;p=495"},"modified":"2026-03-26T13:03:50","modified_gmt":"2026-03-26T12:03:50","slug":"cobertura-de-chocolate-fondente-vanini","status":"publish","type":"product","link":"https:\/\/new.star-gourmet.com\/?product=cobertura-de-chocolate-fondente-vanini","title":{"rendered":"Cobertura de chocolate FONDENTE VANINI"},"content":{"rendered":"<p>Cobertura de chocolate negro Fondente Vanini. 72 % min. de cacao, 27% <span class=\"label\">m\u00e1x. de az\u00facar y <\/span><span class=\"value\">44% manteca de cacao.<\/span><\/p>\n<div class=\"features2\">\n<div class=\"fluidity\">\n<div class=\"values\">Cobertura de chocolate de extraordinaria calidad, para el que se utiliza un cacao de origen fino. Gran car\u00e1cter, sabor intenso, suave, ligeramente \u00e1cido, con aromas de frutas y especias. Fluidez excepcional. Recomendada para molde, ganache y helader\u00eda. Se puede usar tambi\u00e9n para recubrimiento y para horneado.<\/div>\n<\/div>\n<\/div>\n<p><strong>Chocolater\u00eda<\/strong><br \/>\nEspecial en bombones con presencia alcoh\u00f3lica, sobre todo a\u00f1ejos (ron, whisky, brandy, vino, marsala, madeira). Perfecto para tabletas rellenas y barras. Excelente en cobertura.<\/p>\n<p><strong>Pasteler\u00eda<\/strong><br \/>\nExcelente como crema de chocolate, en rellenos con cremas ligeras y frutas de oto\u00f1o (casta\u00f1as, higos y granada). En la producci\u00f3n de panader\u00eda, especialmente en masas con avellanas y nueces.<\/p>\n<p><strong>Helader\u00eda<\/strong><br \/>\nExcelente para un helado intenso y armonioso, perfecto para sorbetes de chocolate, incluso alcoh\u00f3licos. Excelente para usar como stracciatella.<\/p>\n<div id=\"simple-translate\" class=\"simple-translate-system-theme\">\n<div>\n<div class=\"simple-translate-button isShow\" style=\"background-image: url('chrome-extension:\/\/ibplnjkanclpjokhdolnendpplpjiace\/icons\/512.png'); height: 22px; width: 22px; top: 308px; left: 49px;\"><\/div>\n<div class=\"simple-translate-panel \" style=\"width: 300px; height: 200px; top: 0px; left: 0px; font-size: 13px;\">\n<div class=\"simple-translate-result-wrapper\" style=\"overflow: hidden;\">\n<div class=\"simple-translate-move\" draggable=\"true\"><\/div>\n<div class=\"simple-translate-result-contents\">\n<p class=\"simple-translate-result\" dir=\"auto\">\n<p class=\"simple-translate-candidate\" dir=\"auto\">\n<\/div>\n<\/div>\n<\/div>\n<\/div>\n<\/div>\n","protected":false},"excerpt":{"rendered":"<p>3 bolsas de 4 kg por caja.<\/p>\n","protected":false},"featured_media":0,"comment_status":"open","ping_status":"closed","template":"","meta":[],"product_brand":[],"product_cat":[72,61],"product_tag":[],"class_list":{"0":"post-495","1":"product","2":"type-product","3":"status-publish","5":"product_cat-coberturas-de-chocolate","6":"product_cat-dolce","8":"first","9":"instock","10":"shipping-taxable","11":"product-type-simple"},"_links":{"self":[{"href":"https:\/\/new.star-gourmet.com\/index.php?rest_route=\/wp\/v2\/product\/495","targetHints":{"allow":["GET"]}}],"collection":[{"href":"https:\/\/new.star-gourmet.com\/index.php?rest_route=\/wp\/v2\/product"}],"about":[{"href":"https:\/\/new.star-gourmet.com\/index.php?rest_route=\/wp\/v2\/types\/product"}],"replies":[{"embeddable":true,"href":"https:\/\/new.star-gourmet.com\/index.php?rest_route=%2Fwp%2Fv2%2Fcomments&post=495"}],"wp:attachment":[{"href":"https:\/\/new.star-gourmet.com\/index.php?rest_route=%2Fwp%2Fv2%2Fmedia&parent=495"}],"wp:term":[{"taxonomy":"product_brand","embeddable":true,"href":"https:\/\/new.star-gourmet.com\/index.php?rest_route=%2Fwp%2Fv2%2Fproduct_brand&post=495"},{"taxonomy":"product_cat","embeddable":true,"href":"https:\/\/new.star-gourmet.com\/index.php?rest_route=%2Fwp%2Fv2%2Fproduct_cat&post=495"},{"taxonomy":"product_tag","embeddable":true,"href":"https:\/\/new.star-gourmet.com\/index.php?rest_route=%2Fwp%2Fv2%2Fproduct_tag&post=495"}],"curies":[{"name":"wp","href":"https:\/\/api.w.org\/{rel}","templated":true}]}}