{"id":479,"date":"2026-03-26T13:03:46","date_gmt":"2026-03-26T12:03:46","guid":{"rendered":"https:\/\/new.star-gourmet.com\/?post_type=product&#038;p=479"},"modified":"2026-03-26T13:03:48","modified_gmt":"2026-03-26T12:03:48","slug":"cerezas-amarena-lata-1-kg","status":"publish","type":"product","link":"https:\/\/new.star-gourmet.com\/?product=cerezas-amarena-lata-1-kg","title":{"rendered":"CEREZAS AMARENA lata 1 Kg"},"content":{"rendered":"<p>La cereza Amarena es una peque\u00f1a cereza italiana, amarga y negra, cultivada en las regiones de Bolonia y M\u00f3dena. Nuestras cerezas Amarena no contienen trazas de sulfitos. Morada, afrutada y ligeramente picante, la cereza Amarena BROVER en alm\u00edbar espeso es el ingrediente ideal para la elaboraci\u00f3n de selvas negras u otras aplicaciones de reposter\u00eda gourmet (tiramisus, sorbetes, etc.). Nuestras cerezas Amarena est\u00e1n certificadas como kosher.<\/p>\n<p>Amarena entera deshuesada en alm\u00edbar espeso.<\/p>\n<p><img loading=\"lazy\" decoding=\"async\" class=\"\" src=\"https:\/\/www.groupebrousse.com\/upload\/Brover\/Logo-Clean-Label-recette-naturelle-03.png\" width=\"155\" height=\"155\" \/><\/p>\n","protected":false},"excerpt":{"rendered":"<p>6 x 1 kg<\/p>\n","protected":false},"featured_media":0,"comment_status":"open","ping_status":"closed","template":"","meta":[],"product_brand":[],"product_cat":[61,68],"product_tag":[],"class_list":{"0":"post-479","1":"product","2":"type-product","3":"status-publish","5":"product_cat-dolce","6":"product_cat-frutos-del-bosque","8":"first","9":"instock","10":"shipping-taxable","11":"product-type-simple"},"_links":{"self":[{"href":"https:\/\/new.star-gourmet.com\/index.php?rest_route=\/wp\/v2\/product\/479","targetHints":{"allow":["GET"]}}],"collection":[{"href":"https:\/\/new.star-gourmet.com\/index.php?rest_route=\/wp\/v2\/product"}],"about":[{"href":"https:\/\/new.star-gourmet.com\/index.php?rest_route=\/wp\/v2\/types\/product"}],"replies":[{"embeddable":true,"href":"https:\/\/new.star-gourmet.com\/index.php?rest_route=%2Fwp%2Fv2%2Fcomments&post=479"}],"wp:attachment":[{"href":"https:\/\/new.star-gourmet.com\/index.php?rest_route=%2Fwp%2Fv2%2Fmedia&parent=479"}],"wp:term":[{"taxonomy":"product_brand","embeddable":true,"href":"https:\/\/new.star-gourmet.com\/index.php?rest_route=%2Fwp%2Fv2%2Fproduct_brand&post=479"},{"taxonomy":"product_cat","embeddable":true,"href":"https:\/\/new.star-gourmet.com\/index.php?rest_route=%2Fwp%2Fv2%2Fproduct_cat&post=479"},{"taxonomy":"product_tag","embeddable":true,"href":"https:\/\/new.star-gourmet.com\/index.php?rest_route=%2Fwp%2Fv2%2Fproduct_tag&post=479"}],"curies":[{"name":"wp","href":"https:\/\/api.w.org\/{rel}","templated":true}]}}