{"id":467,"date":"2026-03-26T13:03:46","date_gmt":"2026-03-26T12:03:46","guid":{"rendered":"https:\/\/new.star-gourmet.com\/?post_type=product&#038;p=467"},"modified":"2026-03-26T13:03:47","modified_gmt":"2026-03-26T12:03:47","slug":"topping-chocolate-blanco","status":"publish","type":"product","link":"https:\/\/new.star-gourmet.com\/?product=topping-chocolate-blanco","title":{"rendered":"TOPPING CHOCOLATE BLANCO"},"content":{"rendered":"<p>Topping chocolate blanco. Crema de cobertura a base de chocolate blanco, obtenida mezclando ingredientes de alta calidad para obtener un producto irresistible en postres pero sobre todo Gluten Free. Este goloso ejemplo de dulzura y practicidad resultar\u00e1 imprescindible para satisfacer el paladar de todos, cel\u00edacos y no cel\u00edacos, con total tranquilidad y seguridad.<\/p>\n<p>Los toppings son aut\u00e9nticas cremas normalmente a base de frutas, chocolate o caramelo. Siempre productos de alto rendimiento y cremosidad sin igual, constituyen para el pastelero o el cocinero lo que es la paleta de colores para el pintor. De hecho, adem\u00e1s de aromatizar helados, mousses, postres helados y cualquier otra preparaci\u00f3n dulce, pueden adornar, embellecer y alegrar la presentaci\u00f3n al final de una comida. Por \u00faltimo, cabe destacar el tap\u00f3n especial que permite la dosificaci\u00f3n perfecta evitando desperdicios innecesarios.<\/p>\n<div id=\"simple-translate\" class=\"simple-translate-system-theme\">\n<div>\n<div class=\"simple-translate-button isShow\" style=\"background-image: url('chrome-extension:\/\/ibplnjkanclpjokhdolnendpplpjiace\/icons\/512.png'); height: 22px; width: 22px; top: 137px; left: 250px;\"><\/div>\n<div class=\"simple-translate-panel \" style=\"width: 300px; height: 200px; top: 0px; left: 0px; font-size: 13px;\">\n<div class=\"simple-translate-result-wrapper\" style=\"overflow: hidden;\">\n<div class=\"simple-translate-move\" draggable=\"true\"><\/div>\n<div class=\"simple-translate-result-contents\">\n<p class=\"simple-translate-candidate\" dir=\"auto\">\n<\/div>\n<\/div>\n<\/div>\n<\/div>\n<\/div>\n","protected":false},"excerpt":{"rendered":"<p>6 botes de 1 kg por caja.<\/p>\n","protected":false},"featured_media":0,"comment_status":"open","ping_status":"closed","template":"","meta":[],"product_brand":[],"product_cat":[61,66],"product_tag":[],"class_list":{"0":"post-467","1":"product","2":"type-product","3":"status-publish","5":"product_cat-dolce","6":"product_cat-toppings-clasicos","8":"first","9":"instock","10":"shipping-taxable","11":"product-type-simple"},"_links":{"self":[{"href":"https:\/\/new.star-gourmet.com\/index.php?rest_route=\/wp\/v2\/product\/467","targetHints":{"allow":["GET"]}}],"collection":[{"href":"https:\/\/new.star-gourmet.com\/index.php?rest_route=\/wp\/v2\/product"}],"about":[{"href":"https:\/\/new.star-gourmet.com\/index.php?rest_route=\/wp\/v2\/types\/product"}],"replies":[{"embeddable":true,"href":"https:\/\/new.star-gourmet.com\/index.php?rest_route=%2Fwp%2Fv2%2Fcomments&post=467"}],"wp:attachment":[{"href":"https:\/\/new.star-gourmet.com\/index.php?rest_route=%2Fwp%2Fv2%2Fmedia&parent=467"}],"wp:term":[{"taxonomy":"product_brand","embeddable":true,"href":"https:\/\/new.star-gourmet.com\/index.php?rest_route=%2Fwp%2Fv2%2Fproduct_brand&post=467"},{"taxonomy":"product_cat","embeddable":true,"href":"https:\/\/new.star-gourmet.com\/index.php?rest_route=%2Fwp%2Fv2%2Fproduct_cat&post=467"},{"taxonomy":"product_tag","embeddable":true,"href":"https:\/\/new.star-gourmet.com\/index.php?rest_route=%2Fwp%2Fv2%2Fproduct_tag&post=467"}],"curies":[{"name":"wp","href":"https:\/\/api.w.org\/{rel}","templated":true}]}}