{"id":456,"date":"2026-03-26T13:03:41","date_gmt":"2026-03-26T12:03:41","guid":{"rendered":"https:\/\/new.star-gourmet.com\/?post_type=product&#038;p=456"},"modified":"2026-03-26T13:03:44","modified_gmt":"2026-03-26T12:03:44","slug":"doppia-crema-alla-nocciola","status":"publish","type":"product","link":"https:\/\/new.star-gourmet.com\/?product=doppia-crema-alla-nocciola","title":{"rendered":"DOPPIA CREMA ALLA NOCCIOLA"},"content":{"rendered":"<p>Pasta concentrada de avellanas.<\/p>\n<p>La Doppia crema sabor avellana es doblemente concentrada y mezclada con ingredientes seleccionados para obtener un producto ideal para ser utilizado como base para la preparaci\u00f3n de mousses, semifr\u00edos, panna cotta y helados.<br \/>\nLa pasta concentrada es un potenciador del sabor de la base cremosa que se utiliza para la elaboraci\u00f3n de mousses, semifreddi, helados y para aromatizar la panna cotta.<br \/>\nSu concentraci\u00f3n la convierte en un producto de alt\u00edsima calidad. Para su uso es recomendable seguir la dosificaci\u00f3n indicada en el envase. El producto se puede conservar a temperatura ambiente incluso despu\u00e9s de abierto y esto gracias al alto contenido de az\u00facar que garantiza una perfecta conservaci\u00f3n.<\/p>\n<p>Ideal para la elaboraci\u00f3n de helados, postres, mousses o como complemento de la panna cotta. Se utiliza simplemente mezclando con la base elegida, con un rendimiento de 100 gramos por kilogramo o litro de producto a procesar.<\/p>\n<div id=\"simple-translate\" class=\"simple-translate-system-theme\">\n<div>\n<div class=\"simple-translate-button isShow\" style=\"background-image: url('chrome-extension:\/\/ibplnjkanclpjokhdolnendpplpjiace\/icons\/512.png'); height: 22px; width: 22px; top: 87px; left: 212px;\"><\/div>\n<div class=\"simple-translate-panel \" style=\"width: 300px; height: 200px; top: 0px; left: 0px; font-size: 13px;\">\n<div class=\"simple-translate-result-wrapper\" style=\"overflow: hidden;\">\n<div class=\"simple-translate-move\" draggable=\"true\"><\/div>\n<div class=\"simple-translate-result-contents\">\n<p class=\"simple-translate-candidate\" dir=\"auto\">\n<\/div>\n<\/div>\n<\/div>\n<\/div>\n<\/div>\n","protected":false},"excerpt":{"rendered":"<p>2 botes de 1 kg por caja.<\/p>\n","protected":false},"featured_media":0,"comment_status":"open","ping_status":"closed","template":"","meta":[],"product_brand":[],"product_cat":[61,63],"product_tag":[],"class_list":{"0":"post-456","1":"product","2":"type-product","3":"status-publish","5":"product_cat-dolce","6":"product_cat-helados","8":"first","9":"instock","10":"shipping-taxable","11":"product-type-simple"},"_links":{"self":[{"href":"https:\/\/new.star-gourmet.com\/index.php?rest_route=\/wp\/v2\/product\/456","targetHints":{"allow":["GET"]}}],"collection":[{"href":"https:\/\/new.star-gourmet.com\/index.php?rest_route=\/wp\/v2\/product"}],"about":[{"href":"https:\/\/new.star-gourmet.com\/index.php?rest_route=\/wp\/v2\/types\/product"}],"replies":[{"embeddable":true,"href":"https:\/\/new.star-gourmet.com\/index.php?rest_route=%2Fwp%2Fv2%2Fcomments&post=456"}],"wp:attachment":[{"href":"https:\/\/new.star-gourmet.com\/index.php?rest_route=%2Fwp%2Fv2%2Fmedia&parent=456"}],"wp:term":[{"taxonomy":"product_brand","embeddable":true,"href":"https:\/\/new.star-gourmet.com\/index.php?rest_route=%2Fwp%2Fv2%2Fproduct_brand&post=456"},{"taxonomy":"product_cat","embeddable":true,"href":"https:\/\/new.star-gourmet.com\/index.php?rest_route=%2Fwp%2Fv2%2Fproduct_cat&post=456"},{"taxonomy":"product_tag","embeddable":true,"href":"https:\/\/new.star-gourmet.com\/index.php?rest_route=%2Fwp%2Fv2%2Fproduct_tag&post=456"}],"curies":[{"name":"wp","href":"https:\/\/api.w.org\/{rel}","templated":true}]}}