{"id":450,"date":"2026-03-26T13:03:41","date_gmt":"2026-03-26T12:03:41","guid":{"rendered":"https:\/\/new.star-gourmet.com\/?post_type=product&#038;p=450"},"modified":"2026-03-26T13:03:43","modified_gmt":"2026-03-26T12:03:43","slug":"ricotta-untable-envase-de-15-kg","status":"publish","type":"product","link":"https:\/\/new.star-gourmet.com\/?product=ricotta-untable-envase-de-15-kg","title":{"rendered":"RICOTTA UNTABLE Envase de 1,5 Kg"},"content":{"rendered":"<p>Ricotta untable. Desarrollada pensando en la tarta de queso y la reposter\u00eda salada. Ligereza y versatilidad sin renunciar al sabor.<\/p>\n<p>Producto fabricado en Italia cuidando cada detalle, eligiendo materias primas de la m\u00e1s alta calidad y garantizando la m\u00e1xima seguridad, para ofrecerte la mejor ricotta.<\/p>\n<p>En su producci\u00f3n la seguridad no es solo un compromiso, sino tambi\u00e9n una responsabilidad. Siempre han garantizado los m\u00e1s altos est\u00e1ndares de seguridad a trav\u00e9s de rigurosos protocolos. A trav\u00e9s de innovadores procesos tecnol\u00f3gicos se asegura el control de la cadena productiva del suero. Una garant\u00eda m\u00e1s de calidad y seguridad para clientes y consumidores.<\/p>\n<div id=\"simple-translate\" class=\"simple-translate-system-theme\">\n<div>\n<div class=\"simple-translate-button isShow\" style=\"background-image: url('chrome-extension:\/\/ibplnjkanclpjokhdolnendpplpjiace\/icons\/512.png'); height: 22px; width: 22px; top: 84px; left: 1px;\"><\/div>\n<div class=\"simple-translate-panel \" style=\"width: 300px; height: 200px; top: 0px; left: 0px; font-size: 13px;\">\n<div class=\"simple-translate-result-wrapper\" style=\"overflow: hidden;\">\n<div class=\"simple-translate-move\" draggable=\"true\"><\/div>\n<div class=\"simple-translate-result-contents\">\n<p class=\"simple-translate-result\" dir=\"auto\">\n<p class=\"simple-translate-candidate\" dir=\"auto\">\n<\/div>\n<\/div>\n<\/div>\n<\/div>\n<\/div>\n","protected":false},"excerpt":{"rendered":"<p>2 botes de 1,5 kg por caja.<\/p>\n","protected":false},"featured_media":0,"comment_status":"open","ping_status":"closed","template":"","meta":[],"product_brand":[],"product_cat":[51,59],"product_tag":[],"class_list":{"0":"post-450","1":"product","2":"type-product","3":"status-publish","5":"product_cat-quesos","6":"product_cat-ricotta","8":"first","9":"instock","10":"shipping-taxable","11":"product-type-simple"},"_links":{"self":[{"href":"https:\/\/new.star-gourmet.com\/index.php?rest_route=\/wp\/v2\/product\/450","targetHints":{"allow":["GET"]}}],"collection":[{"href":"https:\/\/new.star-gourmet.com\/index.php?rest_route=\/wp\/v2\/product"}],"about":[{"href":"https:\/\/new.star-gourmet.com\/index.php?rest_route=\/wp\/v2\/types\/product"}],"replies":[{"embeddable":true,"href":"https:\/\/new.star-gourmet.com\/index.php?rest_route=%2Fwp%2Fv2%2Fcomments&post=450"}],"wp:attachment":[{"href":"https:\/\/new.star-gourmet.com\/index.php?rest_route=%2Fwp%2Fv2%2Fmedia&parent=450"}],"wp:term":[{"taxonomy":"product_brand","embeddable":true,"href":"https:\/\/new.star-gourmet.com\/index.php?rest_route=%2Fwp%2Fv2%2Fproduct_brand&post=450"},{"taxonomy":"product_cat","embeddable":true,"href":"https:\/\/new.star-gourmet.com\/index.php?rest_route=%2Fwp%2Fv2%2Fproduct_cat&post=450"},{"taxonomy":"product_tag","embeddable":true,"href":"https:\/\/new.star-gourmet.com\/index.php?rest_route=%2Fwp%2Fv2%2Fproduct_tag&post=450"}],"curies":[{"name":"wp","href":"https:\/\/api.w.org\/{rel}","templated":true}]}}