{"id":449,"date":"2026-03-26T13:03:41","date_gmt":"2026-03-26T12:03:41","guid":{"rendered":"https:\/\/new.star-gourmet.com\/?post_type=product&#038;p=449"},"modified":"2026-03-26T13:03:43","modified_gmt":"2026-03-26T12:03:43","slug":"crema-cheddar-jalapenos","status":"publish","type":"product","link":"https:\/\/new.star-gourmet.com\/?product=crema-cheddar-jalapenos","title":{"rendered":"CREMA CHEDDAR JALAPE\u00d1OS"},"content":{"rendered":"<p>La gama Ilou de cremas de queso presenta 4 recetas que aportan sabor y una cremosa textura a tus creaciones.<\/p>\n<p>El sabor del\u00a0cheddar con jalape\u00f1os combina la intensidad del cheddar con el toque picante de los jalape\u00f1os. El sabor inicial del cheddar es suave y cremoso, seguido por una explosi\u00f3n de calor y especias de los jalape\u00f1os. La combinaci\u00f3n crea una experiencia gustativa emocionante y equilibrada, con un sabor audaz pero no abrumador. Es perfecto para aquellos que disfrutan de un poco de picante y desean agregar un toque extra a sus platos.<\/p>\n<p>Las cremas de queso Ilou est\u00e1n listas para usar por los profesionales de la restauraci\u00f3n m\u00e1s exigentes. Ni demasiado espesas ni demasiado l\u00edquidas, permiten una f\u00e1cil visualizaci\u00f3n en un solo gesto. Pr\u00e1cticas para su dosificaci\u00f3n, las salsas de queso Ilou se pueden usar fr\u00edas en un s\u00e1ndwich, pero tambi\u00e9n calientes en una hamburguesa o tacos. Los restaurantes tem\u00e1ticos tambi\u00e9n lo aprecian para pizzas, gratinados o pastas.<\/p>\n<p>Envasada en una innovadora botella blanda 100% reciclable, \u00fanica en el mercado, que se basa en el concepto de manga pastelera.<br \/>\nFabricada con un 75 % menos de pl\u00e1stico que los envases est\u00e1ndar, est\u00e1 hecha de una pel\u00edcula monomaterial multicapa y es capaz de colocarse boca arriba o boca abajo. Ofrece precisi\u00f3n y un control \u00f3ptimo de la dosis deseada.\u00a0Gracias a la flexibilidad del material se puede utilizar el 96% de la cantidad total de producto, <strong>minimizando p\u00e9rdidas y reduciendo el desperdicio<\/strong>.<\/p>\n<p class=\"p1\">Menos pl\u00e1stico, menos desperdicio, la soluci\u00f3n perfecta<\/p>\n<p><img loading=\"lazy\" decoding=\"async\" class=\"size-medium wp-image-1608 alignnone\" src=\"https:\/\/tutto-italia.star-gourmet.com\/wp-content\/uploads\/2023\/04\/Captura-de-pantalla-2023-07-12-a-las-13.06.40-280x300.png\" alt=\"\" width=\"280\" height=\"300\" \/><\/p>\n<div id=\"simple-translate\" class=\"simple-translate-system-theme\">\n<div>\n<div class=\"simple-translate-button isShow\" style=\"background-image: url('chrome-extension:\/\/ibplnjkanclpjokhdolnendpplpjiace\/icons\/512.png'); height: 22px; width: 22px; top: 39px; left: -30px;\"><\/div>\n<div class=\"simple-translate-panel \" style=\"width: 300px; height: 200px; top: 0px; left: 0px; font-size: 13px;\">\n<div class=\"simple-translate-result-wrapper\" style=\"overflow: hidden;\">\n<div class=\"simple-translate-move\" draggable=\"true\"><\/div>\n<div class=\"simple-translate-result-contents\">\n<p class=\"simple-translate-result\" dir=\"auto\">\n<p class=\"simple-translate-candidate\" dir=\"auto\">\n<\/div>\n<\/div>\n<\/div>\n<\/div>\n<\/div>\n","protected":false},"excerpt":{"rendered":"<p>6 botellas de 600 g por caja.<\/p>\n","protected":false},"featured_media":0,"comment_status":"open","ping_status":"closed","template":"","meta":[],"product_brand":[],"product_cat":[58,51],"product_tag":[],"class_list":{"0":"post-449","1":"product","2":"type-product","3":"status-publish","5":"product_cat-cremas-de-queso","6":"product_cat-quesos","8":"first","9":"instock","10":"featured","11":"shipping-taxable","12":"product-type-simple"},"_links":{"self":[{"href":"https:\/\/new.star-gourmet.com\/index.php?rest_route=\/wp\/v2\/product\/449","targetHints":{"allow":["GET"]}}],"collection":[{"href":"https:\/\/new.star-gourmet.com\/index.php?rest_route=\/wp\/v2\/product"}],"about":[{"href":"https:\/\/new.star-gourmet.com\/index.php?rest_route=\/wp\/v2\/types\/product"}],"replies":[{"embeddable":true,"href":"https:\/\/new.star-gourmet.com\/index.php?rest_route=%2Fwp%2Fv2%2Fcomments&post=449"}],"wp:attachment":[{"href":"https:\/\/new.star-gourmet.com\/index.php?rest_route=%2Fwp%2Fv2%2Fmedia&parent=449"}],"wp:term":[{"taxonomy":"product_brand","embeddable":true,"href":"https:\/\/new.star-gourmet.com\/index.php?rest_route=%2Fwp%2Fv2%2Fproduct_brand&post=449"},{"taxonomy":"product_cat","embeddable":true,"href":"https:\/\/new.star-gourmet.com\/index.php?rest_route=%2Fwp%2Fv2%2Fproduct_cat&post=449"},{"taxonomy":"product_tag","embeddable":true,"href":"https:\/\/new.star-gourmet.com\/index.php?rest_route=%2Fwp%2Fv2%2Fproduct_tag&post=449"}],"curies":[{"name":"wp","href":"https:\/\/api.w.org\/{rel}","templated":true}]}}