{"id":436,"date":"2026-03-26T13:03:38","date_gmt":"2026-03-26T12:03:38","guid":{"rendered":"https:\/\/new.star-gourmet.com\/?post_type=product&#038;p=436"},"modified":"2026-03-26T13:03:40","modified_gmt":"2026-03-26T12:03:40","slug":"burrata-in-foglia-tartufo","status":"publish","type":"product","link":"https:\/\/new.star-gourmet.com\/?product=burrata-in-foglia-tartufo","title":{"rendered":"BURRATA IN FOGLIA TARTUFO"},"content":{"rendered":"<p>Burrata in foglia con trufa 200 g IQF.<\/p>\n<p>La Burrata <em>in foglia<\/em> con trufa es una opci\u00f3n vers\u00e1til en el men\u00fa, ya que puede ser disfrutada sola como aperitivo refinado o incorporada en una variedad de platos gourmet, como ensaladas frescas y sofisticadas, pasta de autor, pizzas gourmet o incluso como guarnici\u00f3n para carnes y pescados. Cada bocado de esta burrata en hoja ser\u00e1 una experiencia \u00fanica y sofisticada para los comensales. La textura cremosa del queso de cabra, combinada con el toque de la trufa, crea una armon\u00eda de sabores que cautivar\u00e1 los paladares m\u00e1s exigentes.<\/p>\n","protected":false},"excerpt":{"rendered":"<p>10 bandejas de\u00a0 200 g por caja.<\/p>\n","protected":false},"featured_media":0,"comment_status":"open","ping_status":"closed","template":"","meta":[],"product_brand":[],"product_cat":[56,51],"product_tag":[],"class_list":{"0":"post-436","1":"product","2":"type-product","3":"status-publish","5":"product_cat-burrata","6":"product_cat-quesos","8":"first","9":"instock","10":"shipping-taxable","11":"product-type-simple"},"_links":{"self":[{"href":"https:\/\/new.star-gourmet.com\/index.php?rest_route=\/wp\/v2\/product\/436","targetHints":{"allow":["GET"]}}],"collection":[{"href":"https:\/\/new.star-gourmet.com\/index.php?rest_route=\/wp\/v2\/product"}],"about":[{"href":"https:\/\/new.star-gourmet.com\/index.php?rest_route=\/wp\/v2\/types\/product"}],"replies":[{"embeddable":true,"href":"https:\/\/new.star-gourmet.com\/index.php?rest_route=%2Fwp%2Fv2%2Fcomments&post=436"}],"wp:attachment":[{"href":"https:\/\/new.star-gourmet.com\/index.php?rest_route=%2Fwp%2Fv2%2Fmedia&parent=436"}],"wp:term":[{"taxonomy":"product_brand","embeddable":true,"href":"https:\/\/new.star-gourmet.com\/index.php?rest_route=%2Fwp%2Fv2%2Fproduct_brand&post=436"},{"taxonomy":"product_cat","embeddable":true,"href":"https:\/\/new.star-gourmet.com\/index.php?rest_route=%2Fwp%2Fv2%2Fproduct_cat&post=436"},{"taxonomy":"product_tag","embeddable":true,"href":"https:\/\/new.star-gourmet.com\/index.php?rest_route=%2Fwp%2Fv2%2Fproduct_tag&post=436"}],"curies":[{"name":"wp","href":"https:\/\/api.w.org\/{rel}","templated":true}]}}