{"id":434,"date":"2026-03-26T13:03:38","date_gmt":"2026-03-26T12:03:38","guid":{"rendered":"https:\/\/new.star-gourmet.com\/?post_type=product&#038;p=434"},"modified":"2026-03-26T13:03:39","modified_gmt":"2026-03-26T12:03:39","slug":"burrata-pesto-iqf","status":"publish","type":"product","link":"https:\/\/new.star-gourmet.com\/?product=burrata-pesto-iqf","title":{"rendered":"BURRATA PESTO IQF"},"content":{"rendered":"<p>La Burrata IQF con pesto microondeable se presenta en pr\u00e1cticos paquetes individuales de 80 gramos cada uno, listos para ser descongelados en el microondas en tan solo unos minutos, logrando el punto ideal de cremosidad y fusi\u00f3n de sabores. La burrata se destaca por su capa externa de mozzarella que envuelve un interior suave y untuoso compuesto por tiras de mozzarella y crema de leche, creando una experiencia gastron\u00f3mica \u00fanica y placentera.\u00a0El pesto, elaborado con albahaca fresca, pi\u00f1ones, queso parmesano, ajo y aceite de oliva, es la pareja perfecta para la burrata, a\u00f1adiendo frescura, aromas herbales y notas saladas que elevan este plato a un nivel superior.<\/p>\n<p>Nuestra Burrata con pesto es vers\u00e1til y puede ser presentada como una opci\u00f3n de aperitivo deliciosa y sofisticada. Tambi\u00e9n puede ser utilizada para enriquecer platos principales como ensaladas, pastas o pizzas, a\u00f1adiendo un toque gourmet y de aut\u00e9ntica cocina italiana a tus creaciones culinarias.<\/p>\n","protected":false},"excerpt":{"rendered":"<p>12 bandejas de 160 g por caja con 2 unidades de 80 g cada una por bandeja.<\/p>\n","protected":false},"featured_media":0,"comment_status":"open","ping_status":"closed","template":"","meta":[],"product_brand":[],"product_cat":[56,51],"product_tag":[],"class_list":{"0":"post-434","1":"product","2":"type-product","3":"status-publish","5":"product_cat-burrata","6":"product_cat-quesos","8":"first","9":"instock","10":"featured","11":"shipping-taxable","12":"product-type-simple"},"_links":{"self":[{"href":"https:\/\/new.star-gourmet.com\/index.php?rest_route=\/wp\/v2\/product\/434","targetHints":{"allow":["GET"]}}],"collection":[{"href":"https:\/\/new.star-gourmet.com\/index.php?rest_route=\/wp\/v2\/product"}],"about":[{"href":"https:\/\/new.star-gourmet.com\/index.php?rest_route=\/wp\/v2\/types\/product"}],"replies":[{"embeddable":true,"href":"https:\/\/new.star-gourmet.com\/index.php?rest_route=%2Fwp%2Fv2%2Fcomments&post=434"}],"wp:attachment":[{"href":"https:\/\/new.star-gourmet.com\/index.php?rest_route=%2Fwp%2Fv2%2Fmedia&parent=434"}],"wp:term":[{"taxonomy":"product_brand","embeddable":true,"href":"https:\/\/new.star-gourmet.com\/index.php?rest_route=%2Fwp%2Fv2%2Fproduct_brand&post=434"},{"taxonomy":"product_cat","embeddable":true,"href":"https:\/\/new.star-gourmet.com\/index.php?rest_route=%2Fwp%2Fv2%2Fproduct_cat&post=434"},{"taxonomy":"product_tag","embeddable":true,"href":"https:\/\/new.star-gourmet.com\/index.php?rest_route=%2Fwp%2Fv2%2Fproduct_tag&post=434"}],"curies":[{"name":"wp","href":"https:\/\/api.w.org\/{rel}","templated":true}]}}