{"id":391,"date":"2026-03-26T13:03:29","date_gmt":"2026-03-26T12:03:29","guid":{"rendered":"https:\/\/new.star-gourmet.com\/?post_type=product&#038;p=391"},"modified":"2026-03-26T13:03:31","modified_gmt":"2026-03-26T12:03:31","slug":"grancrema-de-calabaza","status":"publish","type":"product","link":"https:\/\/new.star-gourmet.com\/?product=grancrema-de-calabaza","title":{"rendered":"GRANCREMA DE CALABAZA"},"content":{"rendered":"<p>Crema de calabaza fresca de textura suave y consistente, enriquecida con mantequilla, aromas frescos y especias para un sabor intenso. La calidad de los ingredientes garantiza su versatilidad y excelente rendimiento gastron\u00f3mico. Ideal para variar el men\u00fa tradicional y solucionar imprevistos en la cocina. Producto listo para usar, evitando la preparaci\u00f3n desde cero. Disponible todo el a\u00f1o en pr\u00e1cticas latas de \u00bd kg para evitar desperdicios. Su textura densa y aterciopelada la hace perfecta para condimentar arroces, pastas y gnocchis. Tambi\u00e9n es ideal para rellenos de ravioles, crepes y lasa\u00f1as, y puede ser utilizada en guarniciones, sopas, postres y productos de reposter\u00eda.<\/p>\n","protected":false},"excerpt":{"rendered":"<p>12 latas de 400 g por caja.<\/p>\n","protected":false},"featured_media":0,"comment_status":"open","ping_status":"closed","template":"","meta":[],"product_brand":[],"product_cat":[27,16],"product_tag":[],"class_list":{"0":"post-391","1":"product","2":"type-product","3":"status-publish","5":"product_cat-salsas-y-cremas-italianas","6":"product_cat-specialita","8":"first","9":"instock","10":"shipping-taxable","11":"product-type-simple"},"_links":{"self":[{"href":"https:\/\/new.star-gourmet.com\/index.php?rest_route=\/wp\/v2\/product\/391","targetHints":{"allow":["GET"]}}],"collection":[{"href":"https:\/\/new.star-gourmet.com\/index.php?rest_route=\/wp\/v2\/product"}],"about":[{"href":"https:\/\/new.star-gourmet.com\/index.php?rest_route=\/wp\/v2\/types\/product"}],"replies":[{"embeddable":true,"href":"https:\/\/new.star-gourmet.com\/index.php?rest_route=%2Fwp%2Fv2%2Fcomments&post=391"}],"wp:attachment":[{"href":"https:\/\/new.star-gourmet.com\/index.php?rest_route=%2Fwp%2Fv2%2Fmedia&parent=391"}],"wp:term":[{"taxonomy":"product_brand","embeddable":true,"href":"https:\/\/new.star-gourmet.com\/index.php?rest_route=%2Fwp%2Fv2%2Fproduct_brand&post=391"},{"taxonomy":"product_cat","embeddable":true,"href":"https:\/\/new.star-gourmet.com\/index.php?rest_route=%2Fwp%2Fv2%2Fproduct_cat&post=391"},{"taxonomy":"product_tag","embeddable":true,"href":"https:\/\/new.star-gourmet.com\/index.php?rest_route=%2Fwp%2Fv2%2Fproduct_tag&post=391"}],"curies":[{"name":"wp","href":"https:\/\/api.w.org\/{rel}","templated":true}]}}