{"id":382,"date":"2026-03-26T13:03:28","date_gmt":"2026-03-26T12:03:28","guid":{"rendered":"https:\/\/new.star-gourmet.com\/?post_type=product&#038;p=382"},"modified":"2026-03-26T13:03:30","modified_gmt":"2026-03-26T12:03:30","slug":"petali-di-tartufo-estivium","status":"publish","type":"product","link":"https:\/\/new.star-gourmet.com\/?product=petali-di-tartufo-estivium","title":{"rendered":"PETALI DI TARTUFO ESTIVIUM"},"content":{"rendered":"<p>Trufa cuidadosamente cortada en finas l\u00e1minas de espesor uniforme y corte limpio. Esta novedad perfumada se presenta en elegantes p\u00e9talos con un intenso aroma y sabor, ideales como guarnici\u00f3n en platos tradicionales. El frasco de cristal con tapa de rosca preserva el aroma de la trufa. Producto prestigioso con rendimientos altos gracias a su aroma transmitido al aceite y utilizado como condimento. Se usa como trufa fresca para adornar carpaccios de carne, pasta, gnocchi, risottos, huevos, salsas, pizzas gourmet y crostinis. Se sugiere combinar con sabores neutros para resaltar su aroma. Tambi\u00e9n se pueden servir mezclados con mantequilla derretida sobre pasta o huevos fritos.<\/p>\n","protected":false},"excerpt":{"rendered":"<p>3 botes de cristal de 330 g por caja.<\/p>\n","protected":false},"featured_media":0,"comment_status":"open","ping_status":"closed","template":"","meta":[],"product_brand":[],"product_cat":[16,25],"product_tag":[],"class_list":{"0":"post-382","1":"product","2":"type-product","3":"status-publish","5":"product_cat-specialita","6":"product_cat-trufa","8":"first","9":"instock","10":"shipping-taxable","11":"product-type-simple"},"_links":{"self":[{"href":"https:\/\/new.star-gourmet.com\/index.php?rest_route=\/wp\/v2\/product\/382","targetHints":{"allow":["GET"]}}],"collection":[{"href":"https:\/\/new.star-gourmet.com\/index.php?rest_route=\/wp\/v2\/product"}],"about":[{"href":"https:\/\/new.star-gourmet.com\/index.php?rest_route=\/wp\/v2\/types\/product"}],"replies":[{"embeddable":true,"href":"https:\/\/new.star-gourmet.com\/index.php?rest_route=%2Fwp%2Fv2%2Fcomments&post=382"}],"wp:attachment":[{"href":"https:\/\/new.star-gourmet.com\/index.php?rest_route=%2Fwp%2Fv2%2Fmedia&parent=382"}],"wp:term":[{"taxonomy":"product_brand","embeddable":true,"href":"https:\/\/new.star-gourmet.com\/index.php?rest_route=%2Fwp%2Fv2%2Fproduct_brand&post=382"},{"taxonomy":"product_cat","embeddable":true,"href":"https:\/\/new.star-gourmet.com\/index.php?rest_route=%2Fwp%2Fv2%2Fproduct_cat&post=382"},{"taxonomy":"product_tag","embeddable":true,"href":"https:\/\/new.star-gourmet.com\/index.php?rest_route=%2Fwp%2Fv2%2Fproduct_tag&post=382"}],"curies":[{"name":"wp","href":"https:\/\/api.w.org\/{rel}","templated":true}]}}