{"id":375,"date":"2026-03-26T13:03:28","date_gmt":"2026-03-26T12:03:28","guid":{"rendered":"https:\/\/new.star-gourmet.com\/?post_type=product&#038;p=375"},"modified":"2026-03-26T13:03:29","modified_gmt":"2026-03-26T12:03:29","slug":"funghi-subito-pronti","status":"publish","type":"product","link":"https:\/\/new.star-gourmet.com\/?product=funghi-subito-pronti","title":{"rendered":"FUNGHI \u201cSUBITO PRONTI\""},"content":{"rendered":"<p>Boletus \"Ceps\" laminados en aceite.\u00a0Este producto est\u00e1 preparado exclusivamente con Boletus \"Ceps\" seleccionados con precisi\u00f3n y despu\u00e9s de rigurosas evaluaciones se consideran adecuados: esto permite obtener un producto con un est\u00e1ndar de calidad constante en el tiempo. La versatilidad de este producto es posible gracias a su laminado en blanco, que permite al chef personalizarlo seg\u00fan sus preferencias con hierbas y aromas. Producto disponible todo el a\u00f1o. Lata de apertura f\u00e1cil. Es ideal para decorar pizzas, bruschettas y focaccias. Salteados en una sart\u00e9n a fuego alto con un toque de ajo y perejil, son un acompa\u00f1amiento muy rico para platos de carne. Son excelentes como ingredientes para rellenos de tartas saladas o tortillas abundantes.<\/p>\n","protected":false},"excerpt":{"rendered":"<p>6 latas de 1 kg por caja.<\/p>\n","protected":false},"featured_media":0,"comment_status":"open","ping_status":"closed","template":"","meta":[],"product_brand":[],"product_cat":[24,16],"product_tag":[],"class_list":{"0":"post-375","1":"product","2":"type-product","3":"status-publish","5":"product_cat-setas","6":"product_cat-specialita","8":"first","9":"instock","10":"shipping-taxable","11":"product-type-simple"},"_links":{"self":[{"href":"https:\/\/new.star-gourmet.com\/index.php?rest_route=\/wp\/v2\/product\/375","targetHints":{"allow":["GET"]}}],"collection":[{"href":"https:\/\/new.star-gourmet.com\/index.php?rest_route=\/wp\/v2\/product"}],"about":[{"href":"https:\/\/new.star-gourmet.com\/index.php?rest_route=\/wp\/v2\/types\/product"}],"replies":[{"embeddable":true,"href":"https:\/\/new.star-gourmet.com\/index.php?rest_route=%2Fwp%2Fv2%2Fcomments&post=375"}],"wp:attachment":[{"href":"https:\/\/new.star-gourmet.com\/index.php?rest_route=%2Fwp%2Fv2%2Fmedia&parent=375"}],"wp:term":[{"taxonomy":"product_brand","embeddable":true,"href":"https:\/\/new.star-gourmet.com\/index.php?rest_route=%2Fwp%2Fv2%2Fproduct_brand&post=375"},{"taxonomy":"product_cat","embeddable":true,"href":"https:\/\/new.star-gourmet.com\/index.php?rest_route=%2Fwp%2Fv2%2Fproduct_cat&post=375"},{"taxonomy":"product_tag","embeddable":true,"href":"https:\/\/new.star-gourmet.com\/index.php?rest_route=%2Fwp%2Fv2%2Fproduct_tag&post=375"}],"curies":[{"name":"wp","href":"https:\/\/api.w.org\/{rel}","templated":true}]}}