{"id":371,"date":"2026-03-26T13:03:24","date_gmt":"2026-03-26T12:03:24","guid":{"rendered":"https:\/\/new.star-gourmet.com\/?post_type=product&#038;p=371"},"modified":"2026-03-26T13:03:26","modified_gmt":"2026-03-26T12:03:26","slug":"olive-taggiasche","status":"publish","type":"product","link":"https:\/\/new.star-gourmet.com\/?product=olive-taggiasche","title":{"rendered":"OLIVE TAGGIASCHE"},"content":{"rendered":"<p>Las aceitunas taggiasche deshuesadas, t\u00edpicas de la regi\u00f3n de Liguria, son una de las variedades m\u00e1s arom\u00e1ticas y fragantes, recogidas en plena madurez y de tama\u00f1o peque\u00f1o-mediano (28\/32 piezas por cada 100 gramos de producto escurrido), y procesadas con aceite de oliva virgen extra. Son aceitunas de una calidad notable. Lata de apertura f\u00e1cil. Las aceitunas enriquecen significativamente los platos, tanto en sabor como en est\u00e9tica, por lo que son adecuadas para acompa\u00f1ar aperitivos con embutidos y quesos, pizzas, carnes, pescados, salsas y ensaladas.<\/p>\n","protected":false},"excerpt":{"rendered":"<p>6 latas de 1 kg por caja.<\/p>\n","protected":false},"featured_media":0,"comment_status":"open","ping_status":"closed","template":"","meta":[],"product_brand":[],"product_cat":[17,23,16],"product_tag":[],"class_list":{"0":"post-371","1":"product","2":"type-product","3":"status-publish","5":"product_cat-antipasti","6":"product_cat-olivas","7":"product_cat-specialita","9":"first","10":"instock","11":"shipping-taxable","12":"product-type-simple"},"_links":{"self":[{"href":"https:\/\/new.star-gourmet.com\/index.php?rest_route=\/wp\/v2\/product\/371","targetHints":{"allow":["GET"]}}],"collection":[{"href":"https:\/\/new.star-gourmet.com\/index.php?rest_route=\/wp\/v2\/product"}],"about":[{"href":"https:\/\/new.star-gourmet.com\/index.php?rest_route=\/wp\/v2\/types\/product"}],"replies":[{"embeddable":true,"href":"https:\/\/new.star-gourmet.com\/index.php?rest_route=%2Fwp%2Fv2%2Fcomments&post=371"}],"wp:attachment":[{"href":"https:\/\/new.star-gourmet.com\/index.php?rest_route=%2Fwp%2Fv2%2Fmedia&parent=371"}],"wp:term":[{"taxonomy":"product_brand","embeddable":true,"href":"https:\/\/new.star-gourmet.com\/index.php?rest_route=%2Fwp%2Fv2%2Fproduct_brand&post=371"},{"taxonomy":"product_cat","embeddable":true,"href":"https:\/\/new.star-gourmet.com\/index.php?rest_route=%2Fwp%2Fv2%2Fproduct_cat&post=371"},{"taxonomy":"product_tag","embeddable":true,"href":"https:\/\/new.star-gourmet.com\/index.php?rest_route=%2Fwp%2Fv2%2Fproduct_tag&post=371"}],"curies":[{"name":"wp","href":"https:\/\/api.w.org\/{rel}","templated":true}]}}