{"id":368,"date":"2026-03-26T13:03:24","date_gmt":"2026-03-26T12:03:24","guid":{"rendered":"https:\/\/new.star-gourmet.com\/?post_type=product&#038;p=368"},"modified":"2026-03-26T13:03:26","modified_gmt":"2026-03-26T12:03:26","slug":"gocce-di-peperoni-rosso","status":"publish","type":"product","link":"https:\/\/new.star-gourmet.com\/?product=gocce-di-peperoni-rosso","title":{"rendered":"GOCCE DI PEPERONI ROSSO"},"content":{"rendered":"<p>Las l\u00e1grimas de pimiento rojo en agridulce son pimientos dulces de origen peruano (<em>Capsicum Chinense<\/em>) que se preparan en vinagre con agua, az\u00facar, vinagre y sal. Son peque\u00f1as gotas de pimientos rojo con un sabor agridulce que aporta frescura, color y alegr\u00eda a los platos. Es importante destacar la alta versatilidad del producto y su pr\u00e1ctica apertura f\u00e1cil. Este producto es muy vers\u00e1til en cocina, ya que se puede disfrutar en aperitivos, como guarnici\u00f3n en carpaccios de pescado o carne, en pizzas y ensaladas.<\/p>\n<p>315\/325 unidades por lata.<\/p>\n<div id=\"simple-translate\" class=\"simple-translate-system-theme\">\n<div>\n<div class=\"simple-translate-button isShow\" style=\"background-image: url('chrome-extension:\/\/ibplnjkanclpjokhdolnendpplpjiace\/icons\/512.png'); height: 22px; width: 22px; top: 54px; left: -38px;\"><\/div>\n<div class=\"simple-translate-panel \" style=\"width: 300px; height: 200px; top: 0px; left: 0px; font-size: 13px;\">\n<div class=\"simple-translate-result-wrapper\" style=\"overflow: hidden;\">\n<div class=\"simple-translate-move\" draggable=\"true\"><\/div>\n<div class=\"simple-translate-result-contents\">\n<p class=\"simple-translate-candidate\" dir=\"auto\">\n<\/div>\n<\/div>\n<\/div>\n<\/div>\n<\/div>\n","protected":false},"excerpt":{"rendered":"<p>6 latas de 850 g por caja.<\/p>\n","protected":false},"featured_media":0,"comment_status":"open","ping_status":"closed","template":"","meta":[],"product_brand":[],"product_cat":[17,21,16],"product_tag":[],"class_list":{"0":"post-368","1":"product","2":"type-product","3":"status-publish","5":"product_cat-antipasti","6":"product_cat-pimientos","7":"product_cat-specialita","9":"first","10":"instock","11":"featured","12":"shipping-taxable","13":"product-type-simple"},"_links":{"self":[{"href":"https:\/\/new.star-gourmet.com\/index.php?rest_route=\/wp\/v2\/product\/368","targetHints":{"allow":["GET"]}}],"collection":[{"href":"https:\/\/new.star-gourmet.com\/index.php?rest_route=\/wp\/v2\/product"}],"about":[{"href":"https:\/\/new.star-gourmet.com\/index.php?rest_route=\/wp\/v2\/types\/product"}],"replies":[{"embeddable":true,"href":"https:\/\/new.star-gourmet.com\/index.php?rest_route=%2Fwp%2Fv2%2Fcomments&post=368"}],"wp:attachment":[{"href":"https:\/\/new.star-gourmet.com\/index.php?rest_route=%2Fwp%2Fv2%2Fmedia&parent=368"}],"wp:term":[{"taxonomy":"product_brand","embeddable":true,"href":"https:\/\/new.star-gourmet.com\/index.php?rest_route=%2Fwp%2Fv2%2Fproduct_brand&post=368"},{"taxonomy":"product_cat","embeddable":true,"href":"https:\/\/new.star-gourmet.com\/index.php?rest_route=%2Fwp%2Fv2%2Fproduct_cat&post=368"},{"taxonomy":"product_tag","embeddable":true,"href":"https:\/\/new.star-gourmet.com\/index.php?rest_route=%2Fwp%2Fv2%2Fproduct_tag&post=368"}],"curies":[{"name":"wp","href":"https:\/\/api.w.org\/{rel}","templated":true}]}}