{"id":363,"date":"2026-03-26T13:03:23","date_gmt":"2026-03-26T12:03:23","guid":{"rendered":"https:\/\/new.star-gourmet.com\/?post_type=product&#038;p=363"},"modified":"2026-03-26T13:03:26","modified_gmt":"2026-03-26T12:03:26","slug":"le-perle-dell-orto-curry","status":"publish","type":"product","link":"https:\/\/new.star-gourmet.com\/?product=le-perle-dell-orto-curry","title":{"rendered":"LE PERLE DELL ORTO CURRY"},"content":{"rendered":"<p>Las perlas de cebolla al curry son crujientes cipolline maggioline mignon, previamente calibradas y luego glaseadas en una reducci\u00f3n de condimento bals\u00e1mico blanco, enriquecido con curry. Creadas para sorprender, una alternativa valiosa a los habituales aperitivos y acompa\u00f1amientos. Tambi\u00e9n se presentan como una variante sabrosa y exquisita a los bocadillos comunes. Al ser un producto \"Top Quality\", se subraya la delicia de estas cebollitas. Deliciosas compa\u00f1eras para aperitivos, embutidos, quesos, carnes cocidas y asados; ideales en el buffet y para preparar excelentes tartas tatin, hojaldres y quesos tomini rellenos, y cualquier otra creaci\u00f3n que sugiera la imaginaci\u00f3n. Sorprendente la combinaci\u00f3n con carpaccios de pescado ahumado y en pizzas \u00e9tnicas.<\/p>\n<p>95\/105 unidades por lata.<\/p>\n","protected":false},"excerpt":{"rendered":"<p>6 latas de 1 Kg por caja.<\/p>\n","protected":false},"featured_media":0,"comment_status":"open","ping_status":"closed","template":"","meta":[],"product_brand":[],"product_cat":[17,20,16],"product_tag":[],"class_list":{"0":"post-363","1":"product","2":"type-product","3":"status-publish","5":"product_cat-antipasti","6":"product_cat-cebollitas","7":"product_cat-specialita","9":"first","10":"instock","11":"shipping-taxable","12":"product-type-simple"},"_links":{"self":[{"href":"https:\/\/new.star-gourmet.com\/index.php?rest_route=\/wp\/v2\/product\/363","targetHints":{"allow":["GET"]}}],"collection":[{"href":"https:\/\/new.star-gourmet.com\/index.php?rest_route=\/wp\/v2\/product"}],"about":[{"href":"https:\/\/new.star-gourmet.com\/index.php?rest_route=\/wp\/v2\/types\/product"}],"replies":[{"embeddable":true,"href":"https:\/\/new.star-gourmet.com\/index.php?rest_route=%2Fwp%2Fv2%2Fcomments&post=363"}],"wp:attachment":[{"href":"https:\/\/new.star-gourmet.com\/index.php?rest_route=%2Fwp%2Fv2%2Fmedia&parent=363"}],"wp:term":[{"taxonomy":"product_brand","embeddable":true,"href":"https:\/\/new.star-gourmet.com\/index.php?rest_route=%2Fwp%2Fv2%2Fproduct_brand&post=363"},{"taxonomy":"product_cat","embeddable":true,"href":"https:\/\/new.star-gourmet.com\/index.php?rest_route=%2Fwp%2Fv2%2Fproduct_cat&post=363"},{"taxonomy":"product_tag","embeddable":true,"href":"https:\/\/new.star-gourmet.com\/index.php?rest_route=%2Fwp%2Fv2%2Fproduct_tag&post=363"}],"curies":[{"name":"wp","href":"https:\/\/api.w.org\/{rel}","templated":true}]}}