{"id":362,"date":"2026-03-26T13:03:23","date_gmt":"2026-03-26T12:03:23","guid":{"rendered":"https:\/\/new.star-gourmet.com\/?post_type=product&#038;p=362"},"modified":"2026-03-26T13:03:26","modified_gmt":"2026-03-26T12:03:26","slug":"le-caramelle-dell-orto","status":"publish","type":"product","link":"https:\/\/new.star-gourmet.com\/?product=le-caramelle-dell-orto","title":{"rendered":"LE CARAMELLE DELL ORTO"},"content":{"rendered":"<p>Las perlas de cebolla a la crema bals\u00e1mica de M\u00f3dena son cipolline maggioline crujientes, previamente calibradas y luego glaseadas en una reducci\u00f3n de crema de vinagre bals\u00e1mico, autenticada rigurosamente con la marca IGP del consorcio del Bals\u00e1mico de M\u00f3dena. Nacidas para sorprender, sin lugar a dudas representan la excelencia entre los productos listos para abrir y disfrutar, una alternativa valiosa a los habituales aperitivos y acompa\u00f1amientos. Tambi\u00e9n se presentan como una variante sabrosa y exquisita a los bocadillos comunes. Al ser un producto \"Top Quality\" se subraya la delicia de estas cebollitas, que son protagonistas absolutas en el panorama gastron\u00f3mico de Ginos. Son deliciosas compa\u00f1eras para aperitivos, embutidos, quesos, carnes cocidas y asados; ideales en el buffet y para preparar tartas tatin excelentes, hojaldres y quesos tomini rellenos, y cualquier otra creaci\u00f3n que sugiera la imaginaci\u00f3n.<\/p>\n<p>240\/280 unidades por lata.<\/p>\n","protected":false},"excerpt":{"rendered":"<p>6 latas de 1 Kg por caja.<\/p>\n","protected":false},"featured_media":0,"comment_status":"open","ping_status":"closed","template":"","meta":[],"product_brand":[],"product_cat":[17,20,16],"product_tag":[],"class_list":{"0":"post-362","1":"product","2":"type-product","3":"status-publish","5":"product_cat-antipasti","6":"product_cat-cebollitas","7":"product_cat-specialita","9":"first","10":"instock","11":"featured","12":"shipping-taxable","13":"product-type-simple"},"_links":{"self":[{"href":"https:\/\/new.star-gourmet.com\/index.php?rest_route=\/wp\/v2\/product\/362","targetHints":{"allow":["GET"]}}],"collection":[{"href":"https:\/\/new.star-gourmet.com\/index.php?rest_route=\/wp\/v2\/product"}],"about":[{"href":"https:\/\/new.star-gourmet.com\/index.php?rest_route=\/wp\/v2\/types\/product"}],"replies":[{"embeddable":true,"href":"https:\/\/new.star-gourmet.com\/index.php?rest_route=%2Fwp%2Fv2%2Fcomments&post=362"}],"wp:attachment":[{"href":"https:\/\/new.star-gourmet.com\/index.php?rest_route=%2Fwp%2Fv2%2Fmedia&parent=362"}],"wp:term":[{"taxonomy":"product_brand","embeddable":true,"href":"https:\/\/new.star-gourmet.com\/index.php?rest_route=%2Fwp%2Fv2%2Fproduct_brand&post=362"},{"taxonomy":"product_cat","embeddable":true,"href":"https:\/\/new.star-gourmet.com\/index.php?rest_route=%2Fwp%2Fv2%2Fproduct_cat&post=362"},{"taxonomy":"product_tag","embeddable":true,"href":"https:\/\/new.star-gourmet.com\/index.php?rest_route=%2Fwp%2Fv2%2Fproduct_tag&post=362"}],"curies":[{"name":"wp","href":"https:\/\/api.w.org\/{rel}","templated":true}]}}