{"id":360,"date":"2026-03-26T13:03:23","date_gmt":"2026-03-26T12:03:23","guid":{"rendered":"https:\/\/new.star-gourmet.com\/?post_type=product&#038;p=360"},"modified":"2026-03-26T13:03:25","modified_gmt":"2026-03-26T12:03:25","slug":"cipolline-borettane-all-aceto-balsamico","status":"publish","type":"product","link":"https:\/\/new.star-gourmet.com\/?product=cipolline-borettane-all-aceto-balsamico","title":{"rendered":"CIPOLLINE BORETTANE ALL ACETO BALSAMICO"},"content":{"rendered":"<p>Cebollitas al vinagre bals\u00e1mico de M\u00f3dena. Las cebollitas t\u00edpicas de Boretto (una encantadora ciudad en Emilia) son seleccionadas frescas, calibradas y crujientes. Son peladas y cocidas en un adobo agridulce y luego enriquecidas con el vinagre m\u00e1s noble: el bals\u00e1mico de M\u00f3dena. En este caso, las cipolline de Boretto son realzadas y valoradas por la presencia del vinagre bals\u00e1mico de M\u00f3dena, lo que garantiza una calidad y sabor notablemente elevados. Envase de apertura f\u00e1cil y listo para usar. Son adecuadas para m\u00faltiples usos tanto en fr\u00edo como en caliente. Son perfectas junto a embutidos para preparar aperitivos fr\u00edos, en ensaladas y como acompa\u00f1amiento sabroso para asados y hervidos, as\u00ed como para guisos y estofados. Son ideales si se saltean en una sart\u00e9n con un poco de az\u00facar y vinagre bals\u00e1mico. El calor realza el aroma y el sabor del vinagre bals\u00e1mico y carameliza las cipolline hasta que quedan crujientes.<\/p>\n<p>35\/40 unidades por lata.<\/p>\n","protected":false},"excerpt":{"rendered":"<p>6 latas de 1 kg por caja.<\/p>\n","protected":false},"featured_media":0,"comment_status":"open","ping_status":"closed","template":"","meta":[],"product_brand":[],"product_cat":[17,20,16],"product_tag":[],"class_list":{"0":"post-360","1":"product","2":"type-product","3":"status-publish","5":"product_cat-antipasti","6":"product_cat-cebollitas","7":"product_cat-specialita","9":"first","10":"instock","11":"shipping-taxable","12":"product-type-simple"},"_links":{"self":[{"href":"https:\/\/new.star-gourmet.com\/index.php?rest_route=\/wp\/v2\/product\/360","targetHints":{"allow":["GET"]}}],"collection":[{"href":"https:\/\/new.star-gourmet.com\/index.php?rest_route=\/wp\/v2\/product"}],"about":[{"href":"https:\/\/new.star-gourmet.com\/index.php?rest_route=\/wp\/v2\/types\/product"}],"replies":[{"embeddable":true,"href":"https:\/\/new.star-gourmet.com\/index.php?rest_route=%2Fwp%2Fv2%2Fcomments&post=360"}],"wp:attachment":[{"href":"https:\/\/new.star-gourmet.com\/index.php?rest_route=%2Fwp%2Fv2%2Fmedia&parent=360"}],"wp:term":[{"taxonomy":"product_brand","embeddable":true,"href":"https:\/\/new.star-gourmet.com\/index.php?rest_route=%2Fwp%2Fv2%2Fproduct_brand&post=360"},{"taxonomy":"product_cat","embeddable":true,"href":"https:\/\/new.star-gourmet.com\/index.php?rest_route=%2Fwp%2Fv2%2Fproduct_cat&post=360"},{"taxonomy":"product_tag","embeddable":true,"href":"https:\/\/new.star-gourmet.com\/index.php?rest_route=%2Fwp%2Fv2%2Fproduct_tag&post=360"}],"curies":[{"name":"wp","href":"https:\/\/api.w.org\/{rel}","templated":true}]}}