{"id":346,"date":"2026-03-26T13:03:22","date_gmt":"2026-03-26T12:03:22","guid":{"rendered":"https:\/\/new.star-gourmet.com\/?post_type=product&#038;p=346"},"modified":"2026-03-26T13:03:24","modified_gmt":"2026-03-26T12:03:24","slug":"fiordicarciofo-corazones-de-alcachofa","status":"publish","type":"product","link":"https:\/\/new.star-gourmet.com\/?product=fiordicarciofo-corazones-de-alcachofa","title":{"rendered":"FIORDICARCIOFO Corazones de alcachofa"},"content":{"rendered":"<p>Corazones de alcachofa de la calidad brindisina, cuidadosamente seleccionados, calibrados y procesados frescos en el mejor momento de la cosecha entre marzo y abril. La eliminaci\u00f3n de los tallos y las hojas exteriores, hasta el coraz\u00f3n, garantiza un producto de alta calidad. Cada lata contiene en promedio 18\/20 alcachofas con hojas cerradas y compactas. Este producto se procesa exclusivamente fresco para mantener sus caracter\u00edsticas organol\u00e9pticas y presentarse como casero. Es muy vers\u00e1til y se adapta bien a la cocina, como guarnici\u00f3n o para decoraciones, as\u00ed como en pizzer\u00edas, donde satisface tanto la calidad como el coste. Adem\u00e1s, se puede usar de inmediato sin necesidad de m\u00e1s preparaci\u00f3n, y est\u00e1 disponible durante todo el a\u00f1o en las cantidades deseadas. Se escurre el aceite y se usa en la receta deseada como si fuera un producto fresco, cocido al vapor para la preparaci\u00f3n de guarniciones, buffets, aperitivos y decoraci\u00f3n de pizzas.<\/p>\n","protected":false},"excerpt":{"rendered":"<p>6 latas de 2 kg por caja.<\/p>\n","protected":false},"featured_media":0,"comment_status":"open","ping_status":"closed","template":"","meta":[],"product_brand":[],"product_cat":[18,17,16],"product_tag":[],"class_list":{"0":"post-346","1":"product","2":"type-product","3":"status-publish","5":"product_cat-alcachofas","6":"product_cat-antipasti","7":"product_cat-specialita","9":"first","10":"instock","11":"featured","12":"shipping-taxable","13":"product-type-simple"},"_links":{"self":[{"href":"https:\/\/new.star-gourmet.com\/index.php?rest_route=\/wp\/v2\/product\/346","targetHints":{"allow":["GET"]}}],"collection":[{"href":"https:\/\/new.star-gourmet.com\/index.php?rest_route=\/wp\/v2\/product"}],"about":[{"href":"https:\/\/new.star-gourmet.com\/index.php?rest_route=\/wp\/v2\/types\/product"}],"replies":[{"embeddable":true,"href":"https:\/\/new.star-gourmet.com\/index.php?rest_route=%2Fwp%2Fv2%2Fcomments&post=346"}],"wp:attachment":[{"href":"https:\/\/new.star-gourmet.com\/index.php?rest_route=%2Fwp%2Fv2%2Fmedia&parent=346"}],"wp:term":[{"taxonomy":"product_brand","embeddable":true,"href":"https:\/\/new.star-gourmet.com\/index.php?rest_route=%2Fwp%2Fv2%2Fproduct_brand&post=346"},{"taxonomy":"product_cat","embeddable":true,"href":"https:\/\/new.star-gourmet.com\/index.php?rest_route=%2Fwp%2Fv2%2Fproduct_cat&post=346"},{"taxonomy":"product_tag","embeddable":true,"href":"https:\/\/new.star-gourmet.com\/index.php?rest_route=%2Fwp%2Fv2%2Fproduct_tag&post=346"}],"curies":[{"name":"wp","href":"https:\/\/api.w.org\/{rel}","templated":true}]}}