{"id":284,"date":"2026-03-26T11:59:00","date_gmt":"2026-03-26T10:59:00","guid":{"rendered":"https:\/\/new.star-gourmet.com\/?post_type=product&#038;p=284"},"modified":"2026-03-26T12:54:42","modified_gmt":"2026-03-26T11:54:42","slug":"croccantino-al-pistacchio","status":"publish","type":"product","link":"https:\/\/new.star-gourmet.com\/?product=croccantino-al-pistacchio","title":{"rendered":"CROCCANTINO AL PISTACCHIO"},"content":{"rendered":"<p>Preparado para crujiente de pistacho. Pr\u00e1ctico y f\u00e1cil de preparar: basta con distribuir el producto en los moldes o simplemente extenderlo sobre el papel de horno ya colocado en una bandeja de horno y proceder a la cocci\u00f3n. Despu\u00e9s de unos minutos, el producto (a\u00fan caliente) est\u00e1 listo para darle forma y crear elegantes cestas o simples formas crujientes para decorar postres, obleas, croissants y cannoli. Excelente como cobertura, para realizar antes de la cocci\u00f3n, sobre hojaldres y masa quebrada a los que aporta una nota exquisita y crujiente.<\/p>\n","protected":false},"excerpt":{"rendered":"<p>6 sobres de 500 g por caja.<\/p>\n","protected":false},"featured_media":0,"comment_status":"open","ping_status":"closed","template":"","meta":[],"product_brand":[],"product_cat":[61,62],"product_tag":[],"class_list":{"0":"post-284","1":"product","2":"type-product","3":"status-publish","5":"product_cat-dolce","6":"product_cat-postres-en-caliente","8":"first","9":"instock","10":"shipping-taxable","11":"product-type-simple"},"_links":{"self":[{"href":"https:\/\/new.star-gourmet.com\/index.php?rest_route=\/wp\/v2\/product\/284","targetHints":{"allow":["GET"]}}],"collection":[{"href":"https:\/\/new.star-gourmet.com\/index.php?rest_route=\/wp\/v2\/product"}],"about":[{"href":"https:\/\/new.star-gourmet.com\/index.php?rest_route=\/wp\/v2\/types\/product"}],"replies":[{"embeddable":true,"href":"https:\/\/new.star-gourmet.com\/index.php?rest_route=%2Fwp%2Fv2%2Fcomments&post=284"}],"wp:attachment":[{"href":"https:\/\/new.star-gourmet.com\/index.php?rest_route=%2Fwp%2Fv2%2Fmedia&parent=284"}],"wp:term":[{"taxonomy":"product_brand","embeddable":true,"href":"https:\/\/new.star-gourmet.com\/index.php?rest_route=%2Fwp%2Fv2%2Fproduct_brand&post=284"},{"taxonomy":"product_cat","embeddable":true,"href":"https:\/\/new.star-gourmet.com\/index.php?rest_route=%2Fwp%2Fv2%2Fproduct_cat&post=284"},{"taxonomy":"product_tag","embeddable":true,"href":"https:\/\/new.star-gourmet.com\/index.php?rest_route=%2Fwp%2Fv2%2Fproduct_tag&post=284"}],"curies":[{"name":"wp","href":"https:\/\/api.w.org\/{rel}","templated":true}]}}