{"id":131,"date":"2026-03-26T11:55:51","date_gmt":"2026-03-26T10:55:51","guid":{"rendered":"https:\/\/new.star-gourmet.com\/?post_type=product&#038;p=131"},"modified":"2026-03-26T12:54:06","modified_gmt":"2026-03-26T11:54:06","slug":"gnocchi-de-patata","status":"publish","type":"product","link":"https:\/\/new.star-gourmet.com\/?product=gnocchi-de-patata","title":{"rendered":"GNOCCHI DE PATATA"},"content":{"rendered":"<p>Los Gnocchi de patata son una opci\u00f3n de pasta de alta calidad y delicioso sabor para agilizar su servicio sin comprometer la autenticidad. Est\u00e1n hechos con pur\u00e9 de patatas frescas y una cuidada selecci\u00f3n de ingredientes, garantizando su textura suave y aut\u00e9ntico sabor italiano.\u00a0Su congelaci\u00f3n permite tenerlos siempre a mano, listos para cocinar en pocos minutos y servir con sus salsas favoritas.<\/p>\n<p>Tiempo de cocci\u00f3n: 4 minutos<\/p>\n<p>&nbsp;<\/p>\n<div id=\"simple-translate\" class=\"simple-translate-system-theme\">\n<div>\n<div class=\"simple-translate-button isShow\" style=\"background-image: url('chrome-extension:\/\/ibplnjkanclpjokhdolnendpplpjiace\/icons\/512.png'); height: 22px; width: 22px; top: 170px; left: 1px;\"><\/div>\n<div class=\"simple-translate-panel \" style=\"width: 300px; height: 200px; top: 0px; left: 0px; font-size: 13px;\">\n<div class=\"simple-translate-result-wrapper\" style=\"overflow: hidden;\">\n<div class=\"simple-translate-move\" draggable=\"true\"><\/div>\n<div class=\"simple-translate-result-contents\">\n<p class=\"simple-translate-result\" dir=\"auto\">\n<p class=\"simple-translate-candidate\" dir=\"auto\">\n<\/div>\n<\/div>\n<\/div>\n<\/div>\n<\/div>\n","protected":false},"excerpt":{"rendered":"<p>10 bolsas de 1 kg por caja.<\/p>\n<p>Peso de cada gnocchi:\u00a06 g<\/p>\n","protected":false},"featured_media":0,"comment_status":"open","ping_status":"closed","template":"","meta":[],"product_brand":[],"product_cat":[33,44,40],"product_tag":[],"class_list":{"0":"post-131","1":"product","2":"type-product","3":"status-publish","5":"product_cat-food-service","6":"product_cat-larga-corta-y-gnocchi","7":"product_cat-pasta-congelada","9":"first","10":"instock","11":"shipping-taxable","12":"product-type-simple"},"_links":{"self":[{"href":"https:\/\/new.star-gourmet.com\/index.php?rest_route=\/wp\/v2\/product\/131","targetHints":{"allow":["GET"]}}],"collection":[{"href":"https:\/\/new.star-gourmet.com\/index.php?rest_route=\/wp\/v2\/product"}],"about":[{"href":"https:\/\/new.star-gourmet.com\/index.php?rest_route=\/wp\/v2\/types\/product"}],"replies":[{"embeddable":true,"href":"https:\/\/new.star-gourmet.com\/index.php?rest_route=%2Fwp%2Fv2%2Fcomments&post=131"}],"wp:attachment":[{"href":"https:\/\/new.star-gourmet.com\/index.php?rest_route=%2Fwp%2Fv2%2Fmedia&parent=131"}],"wp:term":[{"taxonomy":"product_brand","embeddable":true,"href":"https:\/\/new.star-gourmet.com\/index.php?rest_route=%2Fwp%2Fv2%2Fproduct_brand&post=131"},{"taxonomy":"product_cat","embeddable":true,"href":"https:\/\/new.star-gourmet.com\/index.php?rest_route=%2Fwp%2Fv2%2Fproduct_cat&post=131"},{"taxonomy":"product_tag","embeddable":true,"href":"https:\/\/new.star-gourmet.com\/index.php?rest_route=%2Fwp%2Fv2%2Fproduct_tag&post=131"}],"curies":[{"name":"wp","href":"https:\/\/api.w.org\/{rel}","templated":true}]}}