{"id":128,"date":"2026-03-26T11:55:51","date_gmt":"2026-03-26T10:55:51","guid":{"rendered":"https:\/\/new.star-gourmet.com\/?post_type=product&#038;p=128"},"modified":"2026-03-26T12:54:04","modified_gmt":"2026-03-26T11:54:04","slug":"tagliatelle-amarillo","status":"publish","type":"product","link":"https:\/\/new.star-gourmet.com\/?product=tagliatelle-amarillo","title":{"rendered":"TAGLIATELLE AMARILLO"},"content":{"rendered":"<p>El Tagliatelle amarillo es una opci\u00f3n pr\u00e1ctica y sabrosa para agilizar su servicio sin sacrificar la calidad. Nuestra pasta fresca, elaborada con huevos, garantiza su caracter\u00edstico color y textura aut\u00e9ntica. Con tiempos de cocci\u00f3n reducidos, podr\u00e1s ofrecer una experiencia culinaria de alta calidad en minutos. Su versatilidad los convierte en el acompa\u00f1amiento perfecto para una gran variedad de salsas y sabores.<\/p>\n<p>Tiempo de cocci\u00f3n: 5 minutos.<\/p>\n","protected":false},"excerpt":{"rendered":"<p>3 kg por caja.<\/p>\n","protected":false},"featured_media":0,"comment_status":"open","ping_status":"closed","template":"","meta":[],"product_brand":[],"product_cat":[33,44,40],"product_tag":[],"class_list":{"0":"post-128","1":"product","2":"type-product","3":"status-publish","5":"product_cat-food-service","6":"product_cat-larga-corta-y-gnocchi","7":"product_cat-pasta-congelada","9":"first","10":"instock","11":"shipping-taxable","12":"product-type-simple"},"_links":{"self":[{"href":"https:\/\/new.star-gourmet.com\/index.php?rest_route=\/wp\/v2\/product\/128","targetHints":{"allow":["GET"]}}],"collection":[{"href":"https:\/\/new.star-gourmet.com\/index.php?rest_route=\/wp\/v2\/product"}],"about":[{"href":"https:\/\/new.star-gourmet.com\/index.php?rest_route=\/wp\/v2\/types\/product"}],"replies":[{"embeddable":true,"href":"https:\/\/new.star-gourmet.com\/index.php?rest_route=%2Fwp%2Fv2%2Fcomments&post=128"}],"wp:attachment":[{"href":"https:\/\/new.star-gourmet.com\/index.php?rest_route=%2Fwp%2Fv2%2Fmedia&parent=128"}],"wp:term":[{"taxonomy":"product_brand","embeddable":true,"href":"https:\/\/new.star-gourmet.com\/index.php?rest_route=%2Fwp%2Fv2%2Fproduct_brand&post=128"},{"taxonomy":"product_cat","embeddable":true,"href":"https:\/\/new.star-gourmet.com\/index.php?rest_route=%2Fwp%2Fv2%2Fproduct_cat&post=128"},{"taxonomy":"product_tag","embeddable":true,"href":"https:\/\/new.star-gourmet.com\/index.php?rest_route=%2Fwp%2Fv2%2Fproduct_tag&post=128"}],"curies":[{"name":"wp","href":"https:\/\/api.w.org\/{rel}","templated":true}]}}