{"id":120,"date":"2026-03-26T11:55:50","date_gmt":"2026-03-26T10:55:50","guid":{"rendered":"https:\/\/new.star-gourmet.com\/?post_type=product&#038;p=120"},"modified":"2026-03-26T12:54:03","modified_gmt":"2026-03-26T11:54:03","slug":"grancanelon-de-carrillera","status":"publish","type":"product","link":"https:\/\/new.star-gourmet.com\/?product=grancanelon-de-carrillera","title":{"rendered":"GRANCANEL\u00d3N DE CARRILLERA"},"content":{"rendered":"<p>GRANCANEL\u00d3N DE CARRILLERA DE TERNERA AL PEDRO XIM\u00c9NEZ.<\/p>\n<p class=\"p1\">El Gran Canel\u00f3n de Star Gourmet es elaborado de manera artesanal\u00a0con las mejores materias primas. Con una longitud de 26 cm, es ideal\u00a0para su presentaci\u00f3n en platos principales y tapas. Gracias a su masa\u00a0pre-cocida, ofrece gran versatilidad en la preparaci\u00f3n. Se pueden hacer\u00a0fritos, a la plancha, a la parrilla o al horno directamente.<\/p>\n","protected":false},"excerpt":{"rendered":"<p>Canel\u00f3n de 26 cm largo aprox. y 150 g de peso.<\/p>\n<p>10 canelones por bandeja de 1,5 Kg.<\/p>\n","protected":false},"featured_media":0,"comment_status":"open","ping_status":"closed","template":"","meta":[],"product_brand":[],"product_cat":[42,33,40],"product_tag":[],"class_list":{"0":"post-120","1":"product","2":"type-product","3":"status-publish","5":"product_cat-canelones-artesanos","6":"product_cat-food-service","7":"product_cat-pasta-congelada","9":"first","10":"instock","11":"featured","12":"shipping-taxable","13":"product-type-simple"},"_links":{"self":[{"href":"https:\/\/new.star-gourmet.com\/index.php?rest_route=\/wp\/v2\/product\/120","targetHints":{"allow":["GET"]}}],"collection":[{"href":"https:\/\/new.star-gourmet.com\/index.php?rest_route=\/wp\/v2\/product"}],"about":[{"href":"https:\/\/new.star-gourmet.com\/index.php?rest_route=\/wp\/v2\/types\/product"}],"replies":[{"embeddable":true,"href":"https:\/\/new.star-gourmet.com\/index.php?rest_route=%2Fwp%2Fv2%2Fcomments&post=120"}],"wp:attachment":[{"href":"https:\/\/new.star-gourmet.com\/index.php?rest_route=%2Fwp%2Fv2%2Fmedia&parent=120"}],"wp:term":[{"taxonomy":"product_brand","embeddable":true,"href":"https:\/\/new.star-gourmet.com\/index.php?rest_route=%2Fwp%2Fv2%2Fproduct_brand&post=120"},{"taxonomy":"product_cat","embeddable":true,"href":"https:\/\/new.star-gourmet.com\/index.php?rest_route=%2Fwp%2Fv2%2Fproduct_cat&post=120"},{"taxonomy":"product_tag","embeddable":true,"href":"https:\/\/new.star-gourmet.com\/index.php?rest_route=%2Fwp%2Fv2%2Fproduct_tag&post=120"}],"curies":[{"name":"wp","href":"https:\/\/api.w.org\/{rel}","templated":true}]}}