{"id":116,"date":"2026-03-26T11:55:49","date_gmt":"2026-03-26T10:55:49","guid":{"rendered":"https:\/\/new.star-gourmet.com\/?post_type=product&#038;p=116"},"modified":"2026-03-26T12:54:00","modified_gmt":"2026-03-26T11:54:00","slug":"preparado-para-bechamel","status":"publish","type":"product","link":"https:\/\/new.star-gourmet.com\/?product=preparado-para-bechamel","title":{"rendered":"PREPARADO PARA BECHAMEL"},"content":{"rendered":"<p>Preparado de bechamel en polvo es\u00a0una opci\u00f3n conveniente y vers\u00e1til para agilizar la preparaci\u00f3n de esta cl\u00e1sica salsa.\u00a0El preparado para bechamel en polvo est\u00e1 elaborado con ingredientes de alta calidad y una cuidada combinaci\u00f3n de sabores, garantizando una bechamel cremosa y deliciosa en pocos minutos.\u00a0Con este producto, podr\u00e1n crear platos tradicionales como lasa\u00f1as, gratinados y croquetas de manera r\u00e1pida y sencilla, sin comprometer el sabor ni la calidad.<\/p>\n<div id=\"simple-translate\" class=\"simple-translate-system-theme\">\n<div>\n<div class=\"simple-translate-button isShow\" style=\"background-image: url('chrome-extension:\/\/ibplnjkanclpjokhdolnendpplpjiace\/icons\/512.png'); height: 22px; width: 22px; top: 42px; left: 10px;\"><\/div>\n<div class=\"simple-translate-panel \" style=\"width: 300px; height: 200px; top: 0px; left: 0px; font-size: 13px;\">\n<div class=\"simple-translate-result-wrapper\" style=\"overflow: hidden;\">\n<div class=\"simple-translate-move\" draggable=\"true\"><\/div>\n<div class=\"simple-translate-result-contents\">\n<p class=\"simple-translate-result\" dir=\"auto\">\n<p class=\"simple-translate-candidate\" dir=\"auto\">\n<\/div>\n<\/div>\n<\/div>\n<\/div>\n<\/div>\n","protected":false},"excerpt":{"rendered":"<p>6 x 1 kg<\/p>\n","protected":false},"featured_media":0,"comment_status":"open","ping_status":"closed","template":"","meta":[],"product_brand":[],"product_cat":[39],"product_tag":[],"class_list":{"0":"post-116","1":"product","2":"type-product","3":"status-publish","5":"product_cat-marinadas-y-bechamel","7":"first","8":"instock","9":"shipping-taxable","10":"product-type-simple"},"_links":{"self":[{"href":"https:\/\/new.star-gourmet.com\/index.php?rest_route=\/wp\/v2\/product\/116","targetHints":{"allow":["GET"]}}],"collection":[{"href":"https:\/\/new.star-gourmet.com\/index.php?rest_route=\/wp\/v2\/product"}],"about":[{"href":"https:\/\/new.star-gourmet.com\/index.php?rest_route=\/wp\/v2\/types\/product"}],"replies":[{"embeddable":true,"href":"https:\/\/new.star-gourmet.com\/index.php?rest_route=%2Fwp%2Fv2%2Fcomments&post=116"}],"wp:attachment":[{"href":"https:\/\/new.star-gourmet.com\/index.php?rest_route=%2Fwp%2Fv2%2Fmedia&parent=116"}],"wp:term":[{"taxonomy":"product_brand","embeddable":true,"href":"https:\/\/new.star-gourmet.com\/index.php?rest_route=%2Fwp%2Fv2%2Fproduct_brand&post=116"},{"taxonomy":"product_cat","embeddable":true,"href":"https:\/\/new.star-gourmet.com\/index.php?rest_route=%2Fwp%2Fv2%2Fproduct_cat&post=116"},{"taxonomy":"product_tag","embeddable":true,"href":"https:\/\/new.star-gourmet.com\/index.php?rest_route=%2Fwp%2Fv2%2Fproduct_tag&post=116"}],"curies":[{"name":"wp","href":"https:\/\/api.w.org\/{rel}","templated":true}]}}