{"id":113,"date":"2026-03-26T11:55:49","date_gmt":"2026-03-26T10:55:49","guid":{"rendered":"https:\/\/new.star-gourmet.com\/?post_type=product&#038;p=113"},"modified":"2026-03-26T12:53:58","modified_gmt":"2026-03-26T11:53:58","slug":"salsa-frites-sauce","status":"publish","type":"product","link":"https:\/\/new.star-gourmet.com\/?product=salsa-frites-sauce","title":{"rendered":"SALSA <\/br> FRITES SAUCE"},"content":{"rendered":"<p>Las salsas Ilou combinan el savoir-faire de Soreal con ingredientes cuidadosamente seleccionados, asegurando que sus salsas sean un complemento perfecto para una amplia variedad de platos. Las salsas Ilou son made in France y est\u00e1n dise\u00f1adas para elevar el sabor de sus creaciones culinarias.<\/p>\n<p>Nuestra salsa para patatas fritas ha sido elaborada con ingredientes de alta calidad, creando una combinaci\u00f3n irresistible de sabores y texturas que complementar\u00e1n a la perfecci\u00f3n sus patatas fritas.\u00a0Esta salsa es ideal tanto para las patatas fritas tradicionales como para las versiones m\u00e1s innovadoras.<\/p>\n","protected":false},"excerpt":{"rendered":"<p>6 botes de 500 ml por caja.<\/p>\n","protected":false},"featured_media":0,"comment_status":"open","ping_status":"closed","template":"","meta":[],"product_brand":[],"product_cat":[33,35,38],"product_tag":[],"class_list":{"0":"post-113","1":"product","2":"type-product","3":"status-publish","5":"product_cat-food-service","6":"product_cat-salsas","7":"product_cat-salsas-americanas","9":"first","10":"instock","11":"shipping-taxable","12":"product-type-simple"},"_links":{"self":[{"href":"https:\/\/new.star-gourmet.com\/index.php?rest_route=\/wp\/v2\/product\/113","targetHints":{"allow":["GET"]}}],"collection":[{"href":"https:\/\/new.star-gourmet.com\/index.php?rest_route=\/wp\/v2\/product"}],"about":[{"href":"https:\/\/new.star-gourmet.com\/index.php?rest_route=\/wp\/v2\/types\/product"}],"replies":[{"embeddable":true,"href":"https:\/\/new.star-gourmet.com\/index.php?rest_route=%2Fwp%2Fv2%2Fcomments&post=113"}],"wp:attachment":[{"href":"https:\/\/new.star-gourmet.com\/index.php?rest_route=%2Fwp%2Fv2%2Fmedia&parent=113"}],"wp:term":[{"taxonomy":"product_brand","embeddable":true,"href":"https:\/\/new.star-gourmet.com\/index.php?rest_route=%2Fwp%2Fv2%2Fproduct_brand&post=113"},{"taxonomy":"product_cat","embeddable":true,"href":"https:\/\/new.star-gourmet.com\/index.php?rest_route=%2Fwp%2Fv2%2Fproduct_cat&post=113"},{"taxonomy":"product_tag","embeddable":true,"href":"https:\/\/new.star-gourmet.com\/index.php?rest_route=%2Fwp%2Fv2%2Fproduct_tag&post=113"}],"curies":[{"name":"wp","href":"https:\/\/api.w.org\/{rel}","templated":true}]}}